 digit of 3044?
4
What is the tens digit of 19780?
8
What is the units digit of 4542?
2
What is the hundreds digit of 2165?
1
What is the thousands digit of 42799?
2
What is the ten thousands digit of 31862?
3
What is the hundred thousands digit of 122037?
1
What is the units digit of 177540?
0
What is the units digit of 816?
6
What is the thousands digit of 8174?
8
What is the units digit of 85717?
7
What is the hundreds digit of 589?
5
What is the thousands digit of 14096?
4
What is the thousands digit of 18130?
8
What is the units digit of 2565?
5
What is the tens digit of 82?
8
What is the units digit of 3720?
0
What is the tens digit of 86405?
0
What is the hundreds digit of 1486?
4
What is the tens digit of 50989?
8
What is the units digit of 4575?
5
What is the units digit of 16237?
7
What is the thousands digit of 48957?
8
What is the tens digit of 15?
1
What is the thousands digit of 5993?
5
What is the tens digit of 41189?
8
What is the hundreds digit of 1918?
9
What is the thousands digit of 10179?
0
What is the hundreds digit of 643?
6
What is the hundreds digit of 3890?
8
What is the units digit of 10208?
8
What is the units digit of 3326?
6
What is the thousands digit of 2393?
2
What is the thousands digit of 34978?
4
What is the tens digit of 2098?
9
What is the hundreds digit of 908?
9
What is the units digit of 1057?
7
What is the thousands digit of 11099?
1
What is the tens digit of 210?
1
What is the ten thousands digit of 10387?
1
What is the hundreds digit of 3041?
0
What is the units digit of 8940?
0
What is the hundreds digit of 2460?
4
What is the thousands digit of 27347?
7
What is the tens digit of 2276?
7
What is the thousands digit of 6211?
6
What is the hundreds digit of 81137?
1
What is the hundreds digit of 37421?
4
What is the tens digit of 11967?
6
What is the units digit of 1783?
3
What is the thousands digit of 34634?
4
What is the thousands digit of 3832?
3
What is the thousands digit of 87394?
7
What is the ten thousands digit of 94531?
9
What is the thousands digit of 1404?
1
What is the units digit of 15478?
8
What is the hundreds digit of 2061?
0
What is the tens digit of 7771?
7
What is the units digit of 9442?
2
What is the thousands digit of 6169?
6
What is the tens digit of 147?
4
What is the units digit of 32274?
4
What is the hundreds digit of 1803?
8
What is the units digit of 1110?
0
What is the tens digit of 18327?
2
What is the thousands digit of 24079?
4
What is the thousands digit of 24532?
4
What is the thousands digit of 1914?
1
What is the thousands digit of 4783?
4
What is the hundreds digit of 4163?
1
What is the tens digit of 31936?
3
What is the thousands digit of 8308?
8
What is the units digit of 2139?
9
What is the thousands digit of 97598?
7
What is the hundreds digit of 15869?
8
What is the thousands digit of 15122?
5
What is the units digit of 1656?
6
What is the tens digit of 612?
1
What is the thousands digit of 3050?
3
What is the units digit of 585?
5
What is the hundreds digit of 1711?
7
What is the thousands digit of 8958?
8
What is the units digit of 992?
2
What is the thousands digit of 4425?
4
What is the tens digit of 31907?
0
What is the tens digit of 1725?
2
What is the tens digit of 7061?
6
What is the units digit of 20101?
1
What is the hundreds digit of 2906?
9
What is the units digit of 3696?
6
What is the hundreds digit of 354?
3
What is the tens digit of 7109?
0
What is the thousands digit of 26792?
6
What is the units digit of 2900?
0
What is the hundreds digit of 647?
6
What is the units digit of 439?
9
What is the units digit of 14846?
6
What is the ten thousands digit of 37043?
3
What is the units digit of 935?
5
What is the hundreds digit of 14107?
1
What is the tens digit of 2350?
5
What is the thousands digit of 19640?
9
What is the thousands digit of 4379?
4
What is the ten thousands digit of 18609?
1
What is the thousands digit of 30181?
0
What is the thousands digit of 38157?
8
What is the hundreds digit of 582?
5
What is the tens digit of 121543?
4
What is the tens digit of 1106?
0
What is the ten thousands digit of 25451?
2
What is the thousands digit of 43704?
3
What is the units digit of 498?
8
What is the tens digit of 325?
2
What is the tens digit of 454?
5
What is the tens digit of 43241?
4
What is the tens digit of 26476?
7
What is the tens digit of 330?
3
What is the thousands digit of 47536?
7
What is the units digit of 2537?
7
What is the hundreds digit of 178615?
6
What is the units digit of 126058?
8
What is the units digit of 128?
8
What is the tens digit of 2645?
4
What is the tens digit of 91379?
7
What is the units digit of 1786?
6
What is the thousands digit of 2485?
2
What is the tens digit of 78300?
0
What is the thousands digit of 1532?
1
What is the units digit of 669?
9
What is the thousands digit of 2370?
2
What is the tens digit of 81234?
3
What is the tens digit of 9881?
8
What is the units digit of 95135?
5
What is the units digit of 26195?
5
What is the tens digit of 509?
0
What is the units digit of 277?
7
What is the units digit of 41226?
6
What is the hundreds digit of 373?
3
What is the hundreds digit of 1453?
4
What is the hundreds digit of 2137?
1
What is the hundreds digit of 3898?
8
What is the tens digit of 7274?
7
What is the tens digit of 4304?
0
What is the hundreds digit of 589?
5
What is the hundreds digit of 8896?
8
What is the units digit of 14?
4
What is the tens digit of 789?
8
What is the units digit of 1521?
1
What is the tens digit of 6073?
7
What is the tens digit of 8619?
1
What is the tens digit of 10726?
2
What is the hundreds digit of 1332?
3
What is the thousands digit of 5206?
5
What is the tens digit of 1132?
3
What is the units digit of 573?
3
What is the tens digit of 4401?
0
What is the thousands digit of 1690?
1
What is the thousands digit of 1233?
1
What is the units digit of 2065?
5
What is the tens digit of 22632?
3
What is the thousands digit of 38177?
8
What is the tens digit of 99887?
8
What is the hundreds digit of 773?
7
What is the tens digit of 1600?
0
What is the tens digit of 630?
3
What is the hundreds digit of 114?
1
What is the tens digit of 23798?
9
What is the ten thousands digit of 24832?
2
What is the ten thousands digit of 15140?
1
What is the thousands digit of 2113?
2
What is the tens digit of 224?
2
What is the thousands digit of 69811?
9
What is the units digit of 16814?
4
What is the tens digit of 842?
4
What is the units digit of 39074?
4
What is the hundreds digit of 164?
1
What is the thousands digit of 1338?
1
What is the units digit of 4411?
1
What is the units digit of 8166?
6
What is the ten thousands digit of 31636?
3
What is the units digit of 5612?
2
What is the tens digit of 197?
9
What is the thousands digit of 24105?
4
What is the units digit of 6503?
3
What is the hundreds digit of 711?
7
What is the tens digit of 586?
8
What is the tens digit of 5168?
6
What is the tens digit of 63542?
4
What is the thousands digit of 22060?
2
What is the thousands digit of 35888?
5
What is the hundreds digit of 3480?
4
What is the units digit of 911?
1
What is the tens digit of 110959?
5
What is the tens digit of 5623?
2
What is the thousands digit of 1286?
1
What is the ten thousands digit of 51237?
5
What is the tens digit of 4032?
3
What is the thousands digit of 10630?
0
What is the hundreds digit of 196?
1
What is the hundreds digit of 1221?
2
What is the thousands digit of 36578?
6
What is the hundreds digit of 133269?
2
What is the thousands digit of 24246?
4
What is the tens digit of 467?
6
What is the hundreds digit of 226?
2
What is the units digit of 13235?
5
What is the hundreds digit of 12677?
6
What is the thousands digit of 8217?
8
What is the tens digit of 11338?
3
What is the tens digit of 1441?
4
What is the tens digit of 4008?
0
What is the hundreds digit of 2130?
1
What is the units digit of 12500?
0
What is the thousands digit of 2261?
2
What is the tens digit of 75?
7
What is the tens digit of 1733?
3
What is the ten thousands digit of 60782?
6
What is the tens digit of 714?
1
What is the hundreds digit of 669?
6
What is the units digit of 4744?
4
What is the hundreds digit of 850?
8
What is the units digit of 456?
6
What is the hundreds digi